- q**2 + q + 1. Let a(o) = 4*o**2 + 5*o**2 - 2 - 3*o - 8*o**3 - 5*o**2. Let x(l) = -a(l) - 2*v(l). Give x(1).
5
Let f be 13 - (6 + (-6)/3 - 0). Let g(j) = j - 13. Calculate g(f).
-4
Suppose 15 = 5*z + 3*l, 7*z - 15 = 2*z - 4*l. Suppose -4*n = -z*t - 11, -4*n - t + 23 = -0*n. Let m = -2 + n. Let g(u) = -2*u + 2. Calculate g(m).
-4
Let a(z) = -3*z - 4*z + 1 - 5*z**2 + 4*z**2 - z. Give a(-5).
16
Let d(r) = -r + 4. Let s be 0 + (0 - -2) + -2. What is d(s)?
4
Suppose 5*a = 20 - 0. Let r(b) be the third derivative of -b**6/120 + b**5/12 - 5*b**4/24 - b**3/6 + 22*b**2. What is r(a)?
-5
Suppose i - 3 = -2*i. Suppose -r - i + 3 = 0. Let p(t) = t**3 + r*t**2 + t**2 + 4 - 3*t - t**2. Give p(-3).
4
Let g(x) be the third derivative of -x**6/120 - 7*x**5/60 - 7*x**4/24 - x**3/2 - 4*x**2. Suppose 0 = -3*j, -b = -4*j - 1 + 7. Determine g(b).
3
Let z be 27/(-15) - (-1)/(-5). Let w(x) = -2*x. Calculate w(z).
4
Suppose 2*y + 4*y + 18 = 0. Let k(x) = -x**2 - 3. Calculate k(y).
-12
Let c(x) = x**2. Suppose 0 = -0*z + z - 2. Let p(w) = 3*w**2 - 1. Let o(q) = z*p(q) - 5*c(q). Give o(-2).
2
Suppose w = 5*h - 5, 3*h - 8*h - 5*w + 35 = 0. Let k(a) = 7 + a**3 + a**h - 3 + 4*a**2 + 3*a. Let u = 1 + -5. Calculate k(u).
8
Let y(n) be the second derivative of -n**4/3 + 2*n**3/3 - n**2 - n. Determine y(2).
-10
Suppose 7*q - 6 = 4*q. Suppose 4*p = -0*p + 40. Suppose -q*n + 0*n = -p. Let k(y) = -2*y + 7. Determine k(n).
-3
Suppose 3*c - 30 = -18. Let a(y) = -y**3 + 5*y**2 - 5*y. Calculate a(c).
-4
Let r(l) = -l**2 + l + 2. Let m be r(0). Let u(h) = -h**3 + h**2 - h. What is u(m)?
-6
Let j = -2 + -2. Let w = 10 + j. Let o be (-6)/4*8/w. Let d(t) = t**2 + 2*t + 2. Determine d(o).
2
Let a(l) = -l + 3. Let g(t) = t**2 + 3*t - 9. Let q be g(6). Suppose -4*r - r = 4*k + q, -2*r - 25 = 3*k. What is a(k)?
8
Let j(t) be the first derivative of -5*t**3/3 + t**2/2 + t - 10. What is j(-1)?
-5
Let o(t) = 6*t. Let w(p) = -p**2 + 7*p - 5*p**2 - p + 1. Let n(h) = 5*h**2 - 5*h - 1. Let a(i) = -5*n(i) - 4*w(i). Let y be a(0). What is o(y)?
6
Let u(x) = -x**3 - 5*x**2 - x - 11. Let o be u(-5). Let j(p) = -p**3 - 7*p**2 - 5*p + 7. Determine j(o).
1
Let q(z) = -9*z**2 - 7*z + 3. Let d(k) = 90*k**2 + 69*k - 30. Let v(a) = 2*d(a) + 21*q(a). Let x(n) = -n**2 - n + 1. Let j(c) = v(c) - 6*x(c). What is j(-2)?
-9
Let f(l) = 4*l - 1. Let m be f(1). Let g be (-10)/m + 2/(-3). Let x(i) be the first derivative of -i**2/2 + i + 5. Determine x(g).
5
Suppose -1 - 5 = -3*d. Let m(a) = 0*a**d + 3*a - 2*a**2 - 2 - 8*a. Give m(-3).
-5
Let o(u) = 2*u - 6. Let k = 70 - 66. Calculate o(k).
2
Let u(o) = o + 3. Let q be u(0). Suppose q*c = 0, -3*h + 9 = -c - c. Let y(v) = -3*v + 4*v - 2*v - h. Give y(4).
-7
Let t(h) = -14*h**3 + 23*h**2 + 3*h + 6. Let j(n) = -5*n**3 + 8*n**2 + n + 2. Let w = -11 + 7. Let s(o) = w*t(o) + 11*j(o). Calculate s(4).
-6
Suppose 7*s = 4*s + 3. Let x(r) = 1 - 7 - s - r - 2. Give x(-4).
-5
Let y be (-1)/(-2) + (-2)/(-4). Let n(v) = v. Let u(g) = 2*g - 3. Let d(k) = y*u(k) - 3*n(k). Let o(x) = 2*x + 1. Let h be o(1). Determine d(h).
-6
Let j = 0 + 2. Let r(n) = 10*n**2 - 21*n**j + 2 + 2*n - 3. What is r(1)?
-10
Let i(b) = -5*b**2 - 5 + b + 1 - 2 + b**3. Suppose c + 5*a - 30 = 0, -5*c - 2*a = a - 40. Calculate i(c).
-1
Let h(g) be the first derivative of g**4/4 - 5*g**3/3 + 3*g**2/2 - 2*g - 28. Calculate h(4).
-6
Let j = 8 - 5. Let n be (2/4)/(1/10). Let i(u) = 4*u - 1 + 6 - n*u. Give i(j).
2
Suppose 29 + 7 = 4*p. Let h(w) = -w + 8. Let t be h(p). Let z(l) = 6*l - 1. What is z(t)?
-7
Let m(y) = 10*y - 1. Suppose p + 1 = 6. Suppose 0 = p*g - 9*g + 4. Calculate m(g).
9
Let t(b) be the third derivative of -b**4/24 - b**3/6 + 2*b**2. Let l(g) = g + 6. Let o(h) = -l(h) - 4*t(h). What is o(4)?
10
Let c(j) = j**2 + 2*j + 2. Suppose g + 10 = 7. What is c(g)?
5
Let z = -5 + 5. Let q(r) = z*r - r + 0*r. Calculate q(5).
-5
Let b(c) be the first derivative of -c**3/3 + 3*c**2 + 2*c + 2. Let f be b(6). Let q(d) = 1 + 2 - 5 - d. Determine q(f).
-4
Let j(w) = 49 - w - w**2 - 49. Let d be 3*-1*(7 + -6). Calculate j(d).
-6
Let l(b) = -b**3 - 5*b**2 - 4*b - 4. Let f be -4 - ((0 - -4) + -1). Let z = f - -3. What is l(z)?
-4
Let f(o) = 4*o + 2. Let i(g) = -g**3 + 3*g**2 - g + 1. Let n be i(3). Give f(n).
-6
Let k(p) = 2 + 0 + 10*p - 3. Let u be -1 - 1/((-4)/8). Give k(u).
9
Let j(d) = -4*d + 2*d + 3*d**3 - 2*d**2 + 2 - 2*d**3. Suppose -4*c = l - 7, -l - 2*l + 4*c + 21 = 0. Let o be 2/(-7) - (-23)/l. Determine j(o).
5
Let h(z) = 1. Let j(r) = -r - 10. Let o(w) = 2*h(w) - j(w). Calculate o(-6).
6
Let b be 9 + (-2 - -2 - 0). Suppose -3*n + 4*j - 37 = -j, -n - 14 = -2*j. Let w = b + n. Let g(l) = l**3 - 6*l**2 + 6*l - 5. Determine g(w).
0
Suppose -4*m = 2 + 6. Let r(d) = -2*d - 2. Calculate r(m).
2
Let j be (-3)/(1 - 16/10). Suppose -4*x - j = 4*g - 1, 0 = 4*g - x - 1. Let u(m) = 0 + m + g. Give u(2).
2
Let g be (-4 - -2) + 0 - 0. Let l(w) = 2*w**3 + 5*w**2 - 3. Let j(p) = p**3 + 5*p**2 - 2. Let r(s) = g*l(s) + 3*j(s). Give r(5).
0
Let x(j) = j**2 - 6*j + 3. Let a be x(6). Let f(c) = 0*c + 1 + c**2 - 2*c**2 - a*c + 0*c. Give f(-2).
3
Let g(w) = -w + 1. Let i(a) = 1 + 36*a - 2*a**2 - 46*a + 3*a**2. Let k = 11 - 17. Let z(q) = k*g(q) + i(q). Determine z(4).
-5
Let f(d) be the third derivative of d**5/60 + d**4/12 - d**3/3 + 30*d**2. What is f(-2)?
-2
Let m(q) = -q**3 + 8*q**2 - 3. Suppose 27*w = 16*w + 88. What is m(w)?
-3
Let i be 25/30 - 4/(-24). Let v(g) = -5*g**3 + 11*g**2 + 11*g - 14. Let a(h) = 2*h**3 - 4*h**2 - 4*h + 5. Let o(j) = -11*a(j) - 4*v(j). What is o(i)?
-1
Let t be (3/(-4))/(2/(-8)). Let j(m) = -m**2 + 2*m**2 - 8*m + m - t - 2*m**2. Suppose 0*r + 10 = -2*r. Give j(r).
7
Let v(z) = -3*z + z + z. Let m be 6/(-4)*6/(-9)*-1. Calculate v(m).
1
Let v(h) be the third derivative of -h**4/6 + 6*h**2. Give v(-1).
4
Suppose 3*c + 3*c = -48. Let n(p) = -p**2 - 9*p - 5. Give n(c).
3
Let s(u) be the second derivative of -u**4/12 + u**3/6 - 9*u**2 + 10*u. Determine s(0).
-18
Let b(t) = -17*t + 37*t - 22*t. Let m = -4 + 6. Suppose 4*j = 5*q + 28, -2*j - 3*q - m - 6 = 0. Determine b(j).
-4
Let w(z) = -7*z**2 - z - 1. Let b be -1 + 2 + -1 + -1. What is w(b)?
-7
Let p(x) = x**2 - 7*x - 5. Let r = 150 + -144. Calculate p(r).
-11
Let j(u) = -u**3 + 2*u**2 + 3*u + 1. Let s be (-1 - 0)*2/(-1). Suppose -s*o + 3 = -4*x + o, 10 = 5*x - o. Calculate j(x).
1
Let n(p) = 5*p**2 + 10*p + 8. Let g be 2/8 - (-45)/12. Let d(b) = -b**2 - b - 1. Let h(m) = g*d(m) + n(m). Give h(-4).
-4
Let a(p) = -p. Let r(f) = -4*f + 0*f + f + 2*f. Let y be r(-2). What is a(y)?
-2
Let x(c) be the third derivative of -c**5/120 + c**4/12 + 5*c**3/6 - 6*c**2. Let q(l) be the first derivative of x(l). Calculate q(-6).
8
Let n(t) = t - 5. Let i = -43 + 46. Give n(i).
-2
Let w(m) = -m**3 + 3*m + 8*m**3 - 2*m**2 - 8*m**3 - 1. What is w(2)?
-11
Suppose 0 = -0*u - u + 2. Let g(m) = -m**3 + 10*m**2 - 8*m - 4. Let k(l) = l**2 - l - 1. Let v(i) = -g(i) + 6*k(i). What is v(u)?
-6
Let r(x) = -3*x - 11. Let n(t) be the second derivative of -t**3/6 - 2*t**2 - 6*t. Let c(m) = 17*n(m) - 6*r(m). Give c(0).
-2
Let a(w) = w**3 - 8*w**2 + 8*w + 2. Let m(y) = 5*y - 13. Let g be m(4). Give a(g).
9
Suppose -j + 4*j - 9 = 0. Let z(p) = j*p - p**2 - 2 + 2 - p - 1. Give z(5).
-16
Let n be 56/(-24)*(1 - -2). Let y(m) = m**2 + 8*m - 7. What is y(n)?
-14
Let f(w) = -15*w - 7. Let d(r) = 23*r + 10. Let x(j) = 5*d(j) + 7*f(j). Let i(o) = -o**2 - 2*o + 1. Let a be i(-3). Let b be 1/a*-2*1. Give x(b).
11
Suppose -3*b - 3 - 3 = 4*w, 0 = -2*b + w + 7. Let g(u) be the third derivative of u**b - 1/2*u**3 + 0 + 1/8*u**4 + 0*u. Give g(2).
3
Suppose 2 = 4*h - 14, -4 = -4*r + 2*h. Suppose 0 = 4*z + q + 15, -4*z + 2*q + 3*q + r = 0. Let o(s) = s**2 + s + 2. Give o(z).
8
Let j(u) = -7*u**3 - 12*u**2 - 13*u - 12. Let b(h) = -8*h + 23*h**2 + 14 + 9 + 6*h**3 + 7*h**3 + 33*h. Let g(d) = 6*b(d) + 11*j(d). Calculate g(-5).
-4
Let l(g) = -51 + 0*g + 3*g + 49. Give l(-2).
-8
Let u = 2 - 0. Let r(a) = -a**3 - u*a**2 - 2*a - a + 2*a**3. Let n = 56 + -58. What is r(n)?
-10
Let r(i) = 3*i**2 - 4*i + 4. Let w(j) = -4*j**2 + 4*j - 4. Let q(t) = -3*r(t) - 2*w(t). What is q(5)?
-9
Let q(x) = x - 7. Let g be q(11). Let z(p) = -5*p**3 + 3*p**2 - 2. Let u(m) = 6*m**3 - 3*m**2 + m + 3. Let s(f) = g*u(f) + 5*z(f). D